{"id":2530,"date":"2021-06-24T19:28:06","date_gmt":"2021-06-24T19:28:06","guid":{"rendered":"https:\/\/winehombres.com\/wp3\/?page_id=2530"},"modified":"2021-06-24T19:36:25","modified_gmt":"2021-06-24T19:36:25","slug":"agb","status":"publish","type":"page","link":"https:\/\/winehombres.com\/wp3\/agb\/","title":{"rendered":"Allgemeine Gesch\u00e4ftsbedingungen"},"content":{"rendered":"<p>[vc_row][vc_column][vc_column_text]<\/p>\n<h1>Allgemeine Gesch\u00e4ftsbedingungen<br \/>\nwinehombres &#8211; Vinothek Ren\u00e9 Schmidli<\/h1>\n<p><strong>1. Geltungsbereich<\/strong><br \/>\nDas winehombres Team bedankt sich herzlich daf\u00fcr, dass Sie bei uns einkaufen. Ihre Zufriedenheit ist unsere oberste Priorit\u00e4t. Sollten Sie Fragen oder Anregungen haben oder sollte einmal etwas nicht klappen, so stehen wir Ihnen jederzeit unter info@winehombres.com zur Verf\u00fcgung. Bitte lesen Sie die nachfolgenden allgemeinen Gesch\u00e4ftsbedingungen durch, denn sie gelten f\u00fcr alle Ihre Bestellungen bei uns. Durch Ihre Bestellung erkl\u00e4ren Sie sich mit den nachstehenden allgemeinen Gesch\u00e4ftsbedingungen einverstanden.<\/p>\n<p><strong>2. Belieferung<\/strong><br \/>\nWir liefern alkoholhaltige Getr\u00e4nke nur an Kunden, die\u00a0<strong>mindestens 18 Jahre alt sind<\/strong>.<\/p>\n<p><strong>3. Sortiment und Preise<\/strong><br \/>\nDas aktuelle Sortiment und die heute geltenden Preise finden Sie auf unserer Webseite. Vorbehalten bleiben spezielle Aktionen und individuelle Vereinbarungen sowie jederzeitige Preis\u00e4nderungen. Die auf der Webseite gezeigten Bilder k\u00f6nnen von den Produkten abweichen.<\/p>\n<p><strong>4. Bestellung, Versand<\/strong><br \/>\nBitte beachten Sie unsere aktuellen Versandoptionen und Versandkosten im Dokument Lieferung\/Versandkosten. Unsere Bestellungen werden nur an Adressen in der Schweiz zugestellt, die Lieferzeiten sind bei den Produkten angegeben. Wir behalten uns vor, Bestellungen ohne Angabe von Gr\u00fcnden abzulehnen.<\/p>\n<p><strong>5. Zahlungsmittel<\/strong><br \/>\nWir akzeptieren Bezahlung mittels den auf der Webseite aufgezeigten Zahlungsmethoden. Bei Bezahlung mit Rechnung gelten folgende Bedingungen: Die Rechnung wird als Vorauszahlung zur Zahlung f\u00e4llig. Bei Zahlungsverzug wird ein Verzugszins von 5% pro Jahr, Verzugsschaden Forderung gem\u00e4ss Art. 106 OR sowie Auslagen und Spesen in Rechnung gestellt. Die Geltendmachung eines weiteren Schadenersatzes bleibt vorbehalten.<\/p>\n<p><strong>6. Gew\u00e4hrleistung und Haftung<\/strong><br \/>\nDie Produkte, welche winehombres verkauft, werden direkt von den Weing\u00fctern bezogen. Deshalb gibt es h\u00f6chst selten fehlerhafte Produkte. Sollten Sie jemals ein fehlerhaftes Produkt erhalten, so senden Sie uns bitte umgehend eine Mail und bewahren Sie das fehlerhafte Produkt auf, bis wir Ihnen Instruktionen betreffend das weitere Vorgehen gegeben haben. Senden Sie uns bitte die Produkte nicht unaufgefordert zur\u00fcck. Winehombres fordert Sie auf, massvoll zu trinken. Wir lehnen s\u00e4mtliche Haftung f\u00fcr jegliche gesundheitlichen Folgen ab. Halten Sie alkoholhaltige Produkte fern von Personen unter 18 Jahren, Tieren und Feuer. Lagern Sie die Produkte nicht an einem sonnigen Ort.<\/p>\n<p><strong>7. Widerruf<\/strong><br \/>\nIn der Schweiz besteht kein gesetzliches Widerrufsrecht (www.kmu.admin.ch) und es wird f\u00fcr unsere Produkte auch kein Anspruch auf Retournierung oder Umtausch bestellter Produkte gew\u00e4hrt. \u00d6ffnen Sie das Packet unmittelbar nach dessen Eintreffen, auf keinen Fall jedoch sp\u00e4ter als am darauffolgenden Tag, und pr\u00fcfen Sie den Inhalt auf Vollst\u00e4ndigkeit und Unversehrtheit. Sollten falsche oder besch\u00e4digte Produkte ankommen oder die Lieferung unvollst\u00e4ndig sein, so senden Sie uns bitte Fotos des Mangels per E-Mail an info@winehombres.com zu und beschreiben Sie den Schaden \/ Mangel. Besch\u00e4digte Produkte werden ohne R\u00fccksendung ersetzt. Sollten falsche Produkte geliefert werden, nehmen wir diese innert Frist von 30 Tagen zur\u00fcck, sofern die Originalversieglung des Herstellers noch angebracht ist und das Produkt resp. die Verpackung auch sonst einwandfrei ist. Die R\u00fccksendeadresse des f\u00fcr Sie zust\u00e4ndigen Lagers wird Ihnen durch unseren Kundendienst mitgeteilt. Senden Sie uns die Produkte nicht unaufgefordert zur\u00fcck.<\/p>\n<p><strong>8. Vertraulichkeit der Daten<\/strong><br \/>\nWir erheben und bearbeiten Daten mit automatischen Datenverarbeitungsanlagen unter Beachtung des jeweils geltenden schweizerischen Datenschutzgesetzes. Bitte beachten Sie unsere Datenschutzerkl\u00e4rung.<\/p>\n<p><strong>Anwendbares Recht, Gerichtsstand<\/strong><br \/>\nDas vorliegende Vertragsverh\u00e4ltnis untersteht\u00a0<strong>schweizerischem Recht. Ausschliesslicher Gerichtsstand ist in Bremgarten AG,<\/strong>\u00a0Schweiz.<\/p>\n<p>Villmergen, Juni 2021<br \/>\nwinehombres &#8211; Vinothek Ren\u00e9 Schmidli, L\u00f6wenplatz 2, 5612 Villmergen[\/vc_column_text][\/vc_column][\/vc_row]<\/p>\n","protected":false},"excerpt":{"rendered":"<p>[vc_row][vc_column][vc_column_text] Allgemeine Gesch\u00e4ftsbedingungen winehombres &#8211; Vinothek Ren\u00e9 Schmidli 1. Geltungsbereich Das winehombres Team bedankt sich herzlich daf\u00fcr, dass Sie bei uns einkaufen. Ihre Zufriedenheit ist unsere oberste Priorit\u00e4t. Sollten Sie<br class=\"read-more-spacer\"> <a class=\"more-link\" href=\"https:\/\/winehombres.com\/wp3\/agb\/\">Read More<\/a><\/p>\n","protected":false},"author":1,"featured_media":0,"parent":0,"menu_order":0,"comment_status":"closed","ping_status":"closed","template":"","meta":{"footnotes":""},"class_list":["post-2530","page","type-page","status-publish","hentry"],"yoast_head":"<!-- This site is optimized with the Yoast SEO plugin v17.7.1 - https:\/\/yoast.com\/wordpress\/plugins\/seo\/ -->\n<title>Allgemeine Gesch\u00e4ftsbedingungen - winehombres<\/title>\n<meta name=\"robots\" content=\"index, follow, max-snippet:-1, max-image-preview:large, max-video-preview:-1\" \/>\n<link rel=\"canonical\" href=\"https:\/\/winehombres.com\/wp3\/agb\/\" \/>\n<meta property=\"og:locale\" content=\"de_DE\" \/>\n<meta property=\"og:type\" content=\"article\" \/>\n<meta property=\"og:title\" content=\"Allgemeine Gesch\u00e4ftsbedingungen - winehombres\" \/>\n<meta property=\"og:description\" content=\"[vc_row][vc_column][vc_column_text] Allgemeine Gesch\u00e4ftsbedingungen winehombres &#8211; Vinothek Ren\u00e9 Schmidli 1. Geltungsbereich Das winehombres Team bedankt sich herzlich daf\u00fcr, dass Sie bei uns einkaufen. Ihre Zufriedenheit ist unsere oberste Priorit\u00e4t. Sollten Sie Read More\" \/>\n<meta property=\"og:url\" content=\"https:\/\/winehombres.com\/wp3\/agb\/\" \/>\n<meta property=\"og:site_name\" content=\"winehombres\" \/>\n<meta property=\"article:modified_time\" content=\"2021-06-24T19:36:25+00:00\" \/>\n<meta name=\"twitter:card\" content=\"summary_large_image\" \/>\n<meta name=\"twitter:label1\" content=\"Gesch\u00e4tzte Lesezeit\" \/>\n\t<meta name=\"twitter:data1\" content=\"3\u00a0Minuten\" \/>\n<script type=\"application\/ld+json\" class=\"yoast-schema-graph\">{\"@context\":\"https:\/\/schema.org\",\"@graph\":[{\"@type\":\"Organization\",\"@id\":\"https:\/\/winehombres.com\/wp3\/#organization\",\"name\":\"winehombres\",\"url\":\"https:\/\/winehombres.com\/wp3\/\",\"sameAs\":[],\"logo\":{\"@type\":\"ImageObject\",\"@id\":\"https:\/\/winehombres.com\/wp3\/#logo\",\"inLanguage\":\"de\",\"url\":\"https:\/\/winehombres.com\/wp3\/wp-content\/uploads\/2021\/06\/Logo_silver.png\",\"contentUrl\":\"https:\/\/winehombres.com\/wp3\/wp-content\/uploads\/2021\/06\/Logo_silver.png\",\"width\":8829,\"height\":5606,\"caption\":\"winehombres\"},\"image\":{\"@id\":\"https:\/\/winehombres.com\/wp3\/#logo\"}},{\"@type\":\"WebSite\",\"@id\":\"https:\/\/winehombres.com\/wp3\/#website\",\"url\":\"https:\/\/winehombres.com\/wp3\/\",\"name\":\"winehombres\",\"description\":\"winehombres kilikanoon weinshop\",\"publisher\":{\"@id\":\"https:\/\/winehombres.com\/wp3\/#organization\"},\"potentialAction\":[{\"@type\":\"SearchAction\",\"target\":{\"@type\":\"EntryPoint\",\"urlTemplate\":\"https:\/\/winehombres.com\/wp3\/?s={search_term_string}\"},\"query-input\":\"required name=search_term_string\"}],\"inLanguage\":\"de\"},{\"@type\":\"WebPage\",\"@id\":\"https:\/\/winehombres.com\/wp3\/agb\/#webpage\",\"url\":\"https:\/\/winehombres.com\/wp3\/agb\/\",\"name\":\"Allgemeine Gesch\\u00e4ftsbedingungen - winehombres\",\"isPartOf\":{\"@id\":\"https:\/\/winehombres.com\/wp3\/#website\"},\"datePublished\":\"2021-06-24T19:28:06+00:00\",\"dateModified\":\"2021-06-24T19:36:25+00:00\",\"breadcrumb\":{\"@id\":\"https:\/\/winehombres.com\/wp3\/agb\/#breadcrumb\"},\"inLanguage\":\"de\",\"potentialAction\":[{\"@type\":\"ReadAction\",\"target\":[\"https:\/\/winehombres.com\/wp3\/agb\/\"]}]},{\"@type\":\"BreadcrumbList\",\"@id\":\"https:\/\/winehombres.com\/wp3\/agb\/#breadcrumb\",\"itemListElement\":[{\"@type\":\"ListItem\",\"position\":1,\"name\":\"Startseite\",\"item\":\"https:\/\/winehombres.com\/wp3\/\"},{\"@type\":\"ListItem\",\"position\":2,\"name\":\"Allgemeine Gesch\\u00e4ftsbedingungen\"}]}]}<\/script>\n<!-- \/ Yoast SEO plugin. -->","yoast_head_json":{"title":"Allgemeine Gesch\u00e4ftsbedingungen - winehombres","robots":{"index":"index","follow":"follow","max-snippet":"max-snippet:-1","max-image-preview":"max-image-preview:large","max-video-preview":"max-video-preview:-1"},"canonical":"https:\/\/winehombres.com\/wp3\/agb\/","og_locale":"de_DE","og_type":"article","og_title":"Allgemeine Gesch\u00e4ftsbedingungen - winehombres","og_description":"[vc_row][vc_column][vc_column_text] Allgemeine Gesch\u00e4ftsbedingungen winehombres &#8211; Vinothek Ren\u00e9 Schmidli 1. Geltungsbereich Das winehombres Team bedankt sich herzlich daf\u00fcr, dass Sie bei uns einkaufen. Ihre Zufriedenheit ist unsere oberste Priorit\u00e4t. Sollten Sie Read More","og_url":"https:\/\/winehombres.com\/wp3\/agb\/","og_site_name":"winehombres","article_modified_time":"2021-06-24T19:36:25+00:00","twitter_card":"summary_large_image","twitter_misc":{"Gesch\u00e4tzte Lesezeit":"3\u00a0Minuten"},"schema":{"@context":"https:\/\/schema.org","@graph":[{"@type":"Organization","@id":"https:\/\/winehombres.com\/wp3\/#organization","name":"winehombres","url":"https:\/\/winehombres.com\/wp3\/","sameAs":[],"logo":{"@type":"ImageObject","@id":"https:\/\/winehombres.com\/wp3\/#logo","inLanguage":"de","url":"https:\/\/winehombres.com\/wp3\/wp-content\/uploads\/2021\/06\/Logo_silver.png","contentUrl":"https:\/\/winehombres.com\/wp3\/wp-content\/uploads\/2021\/06\/Logo_silver.png","width":8829,"height":5606,"caption":"winehombres"},"image":{"@id":"https:\/\/winehombres.com\/wp3\/#logo"}},{"@type":"WebSite","@id":"https:\/\/winehombres.com\/wp3\/#website","url":"https:\/\/winehombres.com\/wp3\/","name":"winehombres","description":"winehombres kilikanoon weinshop","publisher":{"@id":"https:\/\/winehombres.com\/wp3\/#organization"},"potentialAction":[{"@type":"SearchAction","target":{"@type":"EntryPoint","urlTemplate":"https:\/\/winehombres.com\/wp3\/?s={search_term_string}"},"query-input":"required name=search_term_string"}],"inLanguage":"de"},{"@type":"WebPage","@id":"https:\/\/winehombres.com\/wp3\/agb\/#webpage","url":"https:\/\/winehombres.com\/wp3\/agb\/","name":"Allgemeine Gesch\u00e4ftsbedingungen - winehombres","isPartOf":{"@id":"https:\/\/winehombres.com\/wp3\/#website"},"datePublished":"2021-06-24T19:28:06+00:00","dateModified":"2021-06-24T19:36:25+00:00","breadcrumb":{"@id":"https:\/\/winehombres.com\/wp3\/agb\/#breadcrumb"},"inLanguage":"de","potentialAction":[{"@type":"ReadAction","target":["https:\/\/winehombres.com\/wp3\/agb\/"]}]},{"@type":"BreadcrumbList","@id":"https:\/\/winehombres.com\/wp3\/agb\/#breadcrumb","itemListElement":[{"@type":"ListItem","position":1,"name":"Startseite","item":"https:\/\/winehombres.com\/wp3\/"},{"@type":"ListItem","position":2,"name":"Allgemeine Gesch\u00e4ftsbedingungen"}]}]}},"_links":{"self":[{"href":"https:\/\/winehombres.com\/wp3\/wp-json\/wp\/v2\/pages\/2530","targetHints":{"allow":["GET"]}}],"collection":[{"href":"https:\/\/winehombres.com\/wp3\/wp-json\/wp\/v2\/pages"}],"about":[{"href":"https:\/\/winehombres.com\/wp3\/wp-json\/wp\/v2\/types\/page"}],"author":[{"embeddable":true,"href":"https:\/\/winehombres.com\/wp3\/wp-json\/wp\/v2\/users\/1"}],"replies":[{"embeddable":true,"href":"https:\/\/winehombres.com\/wp3\/wp-json\/wp\/v2\/comments?post=2530"}],"version-history":[{"count":3,"href":"https:\/\/winehombres.com\/wp3\/wp-json\/wp\/v2\/pages\/2530\/revisions"}],"predecessor-version":[{"id":2534,"href":"https:\/\/winehombres.com\/wp3\/wp-json\/wp\/v2\/pages\/2530\/revisions\/2534"}],"wp:attachment":[{"href":"https:\/\/winehombres.com\/wp3\/wp-json\/wp\/v2\/media?parent=2530"}],"curies":[{"name":"wp","href":"https:\/\/api.w.org\/{rel}","templated":true}]}}